bd (base 15) in base 16?
ab34
-214be (base 16) to base 9
-227065
What is 17bfd (base 16) in base 2?
10111101111111101
What is -21886 (base 11) in base 6?
-402351
Convert -656315 (base 7) to base 3.
-12211211122
-21221000002 (base 3) to base 12
-76348
211102200010211 (base 3) to base 15
10a742a
Convert -23224435 (base 6) to base 9.
-1315265
Convert -ef2a33 (base 16) to base 9.
-32438502
Convert 2d258 (base 16) to base 9.
311586
Convert 1966144 (base 10) to base 9.
3626034
-419865 (base 15) to base 12
-106594b
What is 4642414 (base 7) in base 15?
b765a
15774117 (base 8) to base 10
3668047
Convert 3331666 (base 7) to base 5.
101130011
What is 1000202044 (base 5) in base 15?
28a984
-21141010 (base 6) to base 5
-124312320
44011332 (base 5) to base 8
1336042
Convert 1321463 (base 7) to base 13.
60c4a
What is 10220102102 (base 3) in base 2?
10010110000110101
Convert 241e8 (base 16) to base 15.
2dc7e
Convert 11011101110001110 (base 2) to base 14.
2d54a
19778 (base 16) to base 9
168072
Convert -510305 (base 6) to base 9.
-61235
Convert -1603677 (base 8) to base 7.
-3626152
-5bd44 (base 15) to base 2
-1000111100101110111
Convert 1102135040 (base 6) to base 7.
202560102
Convert 12303554 (base 6) to base 5.
100204223
-3a46c (base 13) to base 8
-323603
What is -1544792 (base 11) in base 15?
-372aa2
89284 (base 11) to base 14
3525b
What is -104051004 (base 7) in base 14?
-b88c3b
What is -10110001000110 (base 2) in base 6?
-124250
1b3272 (base 12) to base 16
75cb6
211004250 (base 7) to base 6
1123154043
What is 18de4 (base 15) in base 14?
2160c
416b5 (base 12) to base 9
140462
What is 29989 (base 16) in base 2?
101001100110001001
Convert 195b128 (base 13) to base 7.
130565050
-1001000000011000010111 (base 2) to base 9
-4387432
What is 53242 (base 16) in base 7?
2615563
14924 (base 11) to base 9
31822
-21210012001 (base 3) to base 4
-211122022
103426514 (base 7) to base 15
824a62
Convert 2d7887 (base 16) to base 10.
2979975
-10366d (base 14) to base 3
-1000210210110
Convert -1010001001100011010100 (base 2) to base 15.
-3784ae
What is 100202102022 (base 3) in base 2?
101110111000100000
Convert 307123 (base 8) to base 11.
6a681
bcf6 (base 16) to base 8
136366
Convert -5501 (base 8) to base 10.
-2881
What is 6e76a (base 16) in base 5?
103434313
Convert -23e6b8 (base 15) to base 7.
-20420552
Convert -87331 (base 11) to base 4.
-132331322
What is -111010111001010010101 (base 2) in base 12?
-7909b1
What is 24164315 (base 7) in base 5?
1022303201
-765001 (base 9) to base 8
-1573243
-a8988a (base 12) to base 4
-22030012222
-2789d7 (base 15) to base 13
-517b6a
Convert a4729 (base 12) to base 16.
34911
1e0ee (base 15) to base 6
2034055
44273363 (base 8) to base 10
9533171
Convert b774a9 (base 13) to base 6.
232101000
Convert 13323066 (base 7) to base 4.
10230332112
Convert -10013034 (base 5) to base 7.
-446512
What is -114423404 (base 5) in base 16?
-852c7
Convert -303233343 (base 5) to base 10.
-1227348
1022113312 (base 4) to base 10
304630
Convert -47145305 (base 8) to base 15.
-d7e900
-f3a23 (base 16) to base 9
-1780803
What is 461585 (base 11) in base 7?
6145113
Convert -37a96b (base 12) to base 3.
-1201020201002
Convert 1b12b9 (base 14) to base 2.
11101011010001110011
What is 45253430 (base 6) in base 10?
1375866
What is -1589134 (base 11) in base 16?
-294aa1
What is -301033231230 (base 4) in base 7?
-214504536
What is -3012281 (base 9) in base 3?
-10000102022201
Convert -100220020101101 (base 3) to base 5.
-2321310030
-103321122330 (base 4) to base 15
-6d06dc
Convert -3521332 (base 6) to base 8.
-543030
Convert 2134330 (base 5) to base 4.
20333220
What is 3002133022 (base 4) in base 9?
1443671
Convert 3a161 (base 16) to base 7.
2010435
-54089 (base 10) to base 13
-1b809
Convert -4536562 (base 10) to base 14.
-8613a2
Convert 13333222303 (base 4) to base 14.
3c7ab9
Convert -3b2f9 (base 16) to base 5.
-30224200
Convert -14222 (base 12) to base 11.
-1a010
What is -1024b (base 12) in base 10?
-21083
1220232030 (base 4) to base 12
188290
Convert -1a779 (base 15) to base 3.
-11101001120
Convert 1612024 (base 8) to base 12.
1a4558
Convert 122032200210 (base 4) to base 9.
13837860
Convert -2330241 (base 8) to base 2.
-10011011000010100001
What is -10233310 (base 4) in base 16?
-4bf4
Convert -31ab9 (base 16) to base 8.
-615271
-227293 (base 13) to base 8
-3070671
Convert -295026 (base 10) to base 11.
-191726
Convert -10d44 (base 16) to base 15.
-15657
Convert 51055e (base 16) to base 4.
110100111132
Convert -4737231 (base 8) to base 4.
-10323322121
Convert -5320401 (base 9) to base 15.
-3b3bd4
Convert 3103003201 (base 4) to base 10.
864481
What is 14e97 (base 15) in base 14?
1a7d7
What is -101111013123 (base 4) in base 9?
-8483660
-4d5e0 (base 15) to base 7
-2051121
What is 23431433 (base 6) in base 2?
10110011011111101101
What is 4140341 (base 9) in base 2?
1000011011111000001001
What is -157893 (base 16) in base 12?
-57a383
Convert 1330020230 (base 4) to base 5.
112232320
Convert -306323463 (base 7) to base 10.
-18056790
2702c (base 15) to base 13
44b20
What is 3debc (base 16) in base 13?
8b59b
122110201002202 (base 3) to base 12
3139062
-212111201211 (base 3) to base 10
-462721
What is -3033748 (base 11) in base 3?
-101002111100002
What is 53399 (base 14) in base 5?
22413120
What is -1111431 (base 11) in base 12?
-79bb52
What is 1a0a6 (base 11) in base 6?
333535
Convert 1308ba (base 12) to base 9.
525387
Convert -604640 (base 7) to base 6.
-2110412
What is -1bf65 (base 16) in base 4?
-123331211
-527753 (base 8) to base 14
-48271
What is -27a6a (base 12) in base 11?
-38432
What is -4002227 (base 9) in base 16?
-207631
43023203 (base 5) to base 2
1011000001001011101
Convert 2d0f2 (base 16) to base 2.
101101000011110010
Convert b5ab57 (base 14) to base 10.
6137817
-1408849 (base 11) to base 6
-124010042
Convert 24ee2 (base 15) to base 3.
20000000112
What is -d3b16 (base 15) in base 3?
-1021002002110
Convert -34404652 (base 7) to base 8.
-13367154
Convert -675bdc (base 16) to base 7.
-111401316
Convert -10000100110101010 (base 2) to base 11.
-47108
-88a86 (base 11) to base 12
-62848
What is -105814 (base 15) in base 5?
-144344234
What is a39877 (base 11) in base 15?
22e0e4
105124133 (base 6) to base 8
7256131
Convert 29286 (base 13) to base 8.
227037
-b6a8c (base 16) to base 12
-300b78
207720 (base 10) to base 2
110010101101101000
14662650 (base 8) to base 11
19a0776
115105400 (base 6) to base 11
12742a6
-5b6d6 (base 16) to base 12
-160872
1b1078 (base 12) to base 5
110304443
21320214 (base 7) to base 4
12330112203
Convert -86a0442 (base 11) to base 16.
-e93de6
Convert -9f0cd (base 16) to base 6.
-21544021
What is -96a63 (base 12) in base 6?
-4131003
-15333466 (base 8) to base 14
-678caa
Convert 7b337 (base 14) to base 5.
34042413
Convert -444b7 (base 13) to base 3.
-20021220100
Convert 12132121031 (base 4) to base 12.
69a325
-1116781 (base 9) to base 2
-10010010111111010001
What is -16267 (base 9) in base 7?
-44350
What is 205452102 (base 6) in base 15?
4baacb
1010413201 (base 5) to base 3
10211212221101
Convert -1fe20 (base 16) to base 9.
-218122
What is 160264110 (base 7) in base 14?
15dd907
a0a1b (base 13) to base 15
5a1ee
-2a133d (base 14) to base 11
-90a358
-244329 (base 10) to base 8
-735151
-2b0b9 (base 14) to base 8
-321253
What is -10030421 (base 5) in base 12?
-3a43b
What is -173b9d (base 14) in base 8?
-3074157
What is -10020001020201 (base 3) in base 8?
-6422263
17cd8d (base 15) to base 14
221a8c
5322465 (base 7) to base 14
12aba5
116c545 (base 13) to base 15
719074
122039 (base 10) to base 4
131302313
Convert 5dd (base 15) to base 8.
2465
What is 102268b (base 13) in base 16?
4a9b6e
111111100001011 (base 2) to base 3
1122121120
1010101000110111 (base 2) to base 9
65686
Convert 11100010121022 (base 3) to base 15.
3081c8
169017a (base 11) to base 6
141302152
What is -15353206 (base 7) in base 4?
-11220030103
What is 1002445 (base 6) in base 2?
1011100010011101
-2211122021200 (base 3) to base 13
-40a811
10d8d7 (base 16) to base 12
452b33
104430044 (base 5) to base 8
1621104
What is -100070 (base 9) in base 4?
-32123220
What is -428165 (base 9) in base 8?
-762472
What is 47545 (base 8) in base 5?
1122300
1011232232 (base 4) to base 9
474708
What is 11ad84 (ba